f 6792 and 762968.
2264
What is the highest common divisor of 188479 and 697?
17
Calculate the greatest common factor of 1874000 and 25125.
125
Calculate the highest common factor of 15128 and 8637600.
488
What is the highest common divisor of 26343 and 15931661?
2927
Calculate the greatest common divisor of 66 and 1699890.
6
Calculate the highest common divisor of 279079 and 13943.
73
What is the greatest common divisor of 17931498 and 18?
6
Calculate the highest common factor of 4002 and 663114.
174
What is the greatest common factor of 393 and 160019513?
131
Calculate the greatest common factor of 1931427068 and 118.
118
What is the greatest common factor of 110 and 22890950?
10
What is the greatest common divisor of 10 and 413464620?
10
What is the greatest common divisor of 8127 and 5478759?
1161
What is the greatest common factor of 9061 and 2092870?
221
Calculate the greatest common divisor of 18650 and 114.
2
What is the greatest common divisor of 14917009 and 5229?
83
What is the greatest common factor of 3420682 and 2?
2
What is the highest common factor of 1210 and 237906086?
242
Calculate the greatest common divisor of 5120664 and 2232.
24
Calculate the greatest common factor of 452611944 and 36.
36
What is the greatest common divisor of 332 and 177396481?
83
What is the greatest common divisor of 1394 and 57320226?
34
Calculate the highest common factor of 1799 and 239036.
7
What is the greatest common divisor of 5 and 3848905?
5
What is the highest common factor of 5680 and 72706840?
2840
What is the greatest common divisor of 212855 and 120?
5
What is the greatest common divisor of 344940 and 270?
30
Calculate the highest common factor of 95202 and 1188918.
2214
Calculate the highest common factor of 974 and 1564714442.
974
What is the greatest common factor of 28264 and 1408?
8
What is the highest common divisor of 5903202 and 106?
2
Calculate the highest common factor of 11 and 4058908073.
11
What is the greatest common divisor of 2195479 and 781?
11
Calculate the greatest common factor of 47658 and 167790.
282
Calculate the highest common factor of 189 and 51498601.
7
What is the greatest common factor of 27844222 and 18071?
1063
Calculate the highest common divisor of 4314 and 2618386614.
4314
Calculate the highest common factor of 89010 and 1040106.
138
Calculate the highest common factor of 68940 and 55168086.
2298
Calculate the greatest common factor of 659 and 19553189.
659
Calculate the greatest common factor of 43269 and 1608.
3
Calculate the highest common factor of 6062336 and 177344.
1088
Calculate the highest common divisor of 6 and 1502294.
2
Calculate the greatest common divisor of 3861558 and 27.
9
What is the greatest common factor of 45 and 339053460?
15
What is the greatest common divisor of 133 and 5665629?
19
What is the greatest common divisor of 178703 and 15435?
343
Calculate the greatest common divisor of 6764 and 510889993.
1691
Calculate the highest common divisor of 582815 and 194340.
205
Calculate the highest common factor of 236621 and 32879.
539
Calculate the greatest common divisor of 49565160 and 51352.
1048
Calculate the greatest common divisor of 248 and 18190366.
62
Calculate the greatest common factor of 132559596 and 78.
78
Calculate the highest common divisor of 151575790 and 20.
10
What is the highest common divisor of 2157543 and 1599?
123
Calculate the highest common divisor of 68 and 6853436.
4
What is the highest common factor of 716417600 and 164?
164
What is the greatest common divisor of 1232 and 69016772?
44
What is the greatest common divisor of 4114738 and 134?
134
What is the greatest common divisor of 85402759 and 4017?
1339
Calculate the greatest common factor of 397 and 24268213.
397
What is the highest common factor of 129 and 114829522?
43
What is the greatest common divisor of 27134505 and 495?
45
Calculate the greatest common factor of 247359 and 7210.
7
Calculate the greatest common factor of 5253282 and 576.
18
Calculate the greatest common factor of 51718158 and 72.
18
Calculate the highest common factor of 1735 and 56216429.
347
What is the greatest common divisor of 8881 and 1975220?
107
Calculate the greatest common divisor of 8 and 20164484.
4
Calculate the highest common factor of 1289 and 5752807.
1289
What is the highest common divisor of 35991 and 87513?
93
What is the greatest common factor of 4331303 and 10677?
3559
What is the greatest common divisor of 131706 and 67167?
9
Calculate the greatest common divisor of 28 and 465702062.
14
What is the greatest common divisor of 317053 and 1822081?
779
What is the greatest common divisor of 1245196 and 6?
2
Calculate the highest common factor of 73144483 and 295.
59
Calculate the greatest common factor of 197 and 24152003.
197
What is the greatest common divisor of 48389 and 805123?
583
What is the highest common divisor of 4479499 and 219?
73
Calculate the highest common divisor of 3786 and 6761165.
631
Calculate the greatest common factor of 3416 and 125896.
8
Calculate the highest common divisor of 62 and 1131252.
62
What is the greatest common factor of 387868167 and 9?
9
What is the highest common factor of 1984380 and 7?
1
What is the greatest common divisor of 836609371 and 377?
377
Calculate the greatest common divisor of 178123478 and 7670.
1534
Calculate the highest common divisor of 16 and 73978244.
4
What is the highest common factor of 213373 and 7223?
31
Calculate the greatest common divisor of 6261 and 30787424.
2087
What is the greatest common factor of 12194 and 9202986?
1742
What is the greatest common factor of 90882 and 1860174?
306
What is the greatest common divisor of 13964463 and 107?
107
Calculate the greatest common factor of 641375 and 53375.
875
What is the greatest common divisor of 2791740 and 8202789?
8211
Calculate the greatest common factor of 142952 and 2219608.
856
What is the greatest common divisor of 46 and 11471342?
46
Calculate the highest common divisor of 4034 and 10090.
2
What is the greatest common divisor of 760 and 62240?
40
Calculate the greatest common factor of 2570112 and 7176.
552
Calculate the highest common factor of 220881 and 31524.
213
Calculate the highest common factor of 235796 and 3256408.
932
What is the greatest common factor of 12 and 1938318?
6
What is the highest common factor of 12655995 and 646019?
2299
Calculate the greatest common divisor of 10706 and 541360.
202
What is the greatest common divisor of 563340 and 6765?
615
Calculate the highest common factor of 418 and 3756281.
19
What is the highest common factor of 6712 and 37092190?
1678
Calculate the greatest common factor of 3591272 and 3772.
164
Calculate the greatest common factor of 29203815 and 75.
15
What is the highest common factor of 176 and 1539879?
11
What is the greatest common factor of 391545 and 4525650?
5085
What is the greatest common factor of 1915 and 1176215?
5
Calculate the greatest common factor of 6441578 and 1784.
446
Calculate the greatest common factor of 148493682 and 9.
9
Calculate the greatest common factor of 1456419 and 693129.
771
Calculate the greatest common divisor of 51707 and 23476761.
1783
What is the highest common factor of 4352 and 29808128?
256
Calculate the greatest common factor of 236 and 807971311.
59
Calculate the highest common divisor of 1452 and 1086.
6
What is the highest common divisor of 566928 and 45756?
1116
Calculate the highest common factor of 747 and 1530513.
9
Calculate the greatest common factor of 764 and 272599402.
382
Calculate the greatest common factor of 875534 and 2453368.
4682
What is the highest common factor of 379848 and 52269?
399
What is the greatest common factor of 9387 and 12152007?
63
Calculate the highest common factor of 39680055 and 585.
45
What is the greatest common factor of 82304 and 3888?
16
What is the greatest common factor of 21851651 and 246871?
1427
Calculate the greatest common divisor of 8866 and 22329176.
62
What is the highest common divisor of 17595 and 894240?
1035
What is the greatest common factor of 103 and 52348411?
103
What is the greatest common divisor of 3023948 and 207?
23
Calculate the highest common factor of 6370 and 1716078.
1274
Calculate the highest common divisor of 18 and 1447